the millions digit of 7407020?
7
What is the hundreds digit of 6605890?
8
What is the tens digit of 151098?
9
What is the units digit of 5299129?
9
What is the units digit of 704203?
3
What is the thousands digit of 1518670?
8
What is the hundreds digit of 1823320?
3
What is the ten thousands digit of 6048258?
4
What is the thousands digit of 2981459?
1
What is the tens digit of 9908990?
9
What is the ten thousands digit of 11787412?
8
What is the thousands digit of 11014969?
4
What is the tens digit of 197215?
1
What is the units digit of 617019?
9
What is the units digit of 556644?
4
What is the ten thousands digit of 112509?
1
What is the units digit of 3313854?
4
What is the units digit of 3613582?
2
What is the hundreds digit of 307533?
5
What is the hundreds digit of 739819?
8
What is the hundred thousands digit of 124680?
1
What is the thousands digit of 1338648?
8
What is the ten thousands digit of 100406?
0
What is the ten thousands digit of 192489?
9
What is the tens digit of 8821315?
1
What is the millions digit of 1015123?
1
What is the ten thousands digit of 1379884?
7
What is the ten thousands digit of 1948274?
4
What is the hundreds digit of 214110?
1
What is the millions digit of 7986564?
7
What is the millions digit of 7273001?
7
What is the hundred thousands digit of 14829213?
8
What is the hundred thousands digit of 18244501?
2
What is the hundreds digit of 181477?
4
What is the hundreds digit of 192439?
4
What is the tens digit of 123015?
1
What is the tens digit of 20984?
8
What is the units digit of 2149639?
9
What is the hundred thousands digit of 6464493?
4
What is the hundreds digit of 71401?
4
What is the ten millions digit of 20211230?
2
What is the tens digit of 27016?
1
What is the ten thousands digit of 2954927?
5
What is the ten millions digit of 11047480?
1
What is the tens digit of 1053873?
7
What is the hundreds digit of 527936?
9
What is the ten thousands digit of 539346?
3
What is the thousands digit of 831845?
1
What is the hundred thousands digit of 226450?
2
What is the tens digit of 31539?
3
What is the ten thousands digit of 367777?
6
What is the units digit of 232669?
9
What is the units digit of 7921832?
2
What is the tens digit of 990509?
0
What is the hundred thousands digit of 362165?
3
What is the thousands digit of 6882143?
2
What is the ten thousands digit of 336641?
3
What is the ten thousands digit of 70438?
7
What is the thousands digit of 166974?
6
What is the thousands digit of 13235195?
5
What is the tens digit of 918534?
3
What is the hundreds digit of 7473431?
4
What is the thousands digit of 116273?
6
What is the units digit of 5369183?
3
What is the hundred thousands digit of 3710208?
7
What is the units digit of 307669?
9
What is the units digit of 844108?
8
What is the ten thousands digit of 1911254?
1
What is the thousands digit of 22218288?
8
What is the hundred thousands digit of 1654924?
6
What is the units digit of 6885456?
6
What is the tens digit of 801700?
0
What is the tens digit of 7650441?
4
What is the hundred thousands digit of 296808?
2
What is the units digit of 1490358?
8
What is the tens digit of 221529?
2
What is the thousands digit of 170591?
0
What is the hundreds digit of 1108867?
8
What is the millions digit of 3074162?
3
What is the units digit of 49821?
1
What is the thousands digit of 3541783?
1
What is the ten thousands digit of 1798132?
9
What is the ten thousands digit of 376115?
7
What is the units digit of 340138?
8
What is the thousands digit of 97079?
7
What is the tens digit of 1132724?
2
What is the thousands digit of 1628991?
8
What is the ten thousands digit of 13325091?
2
What is the ten thousands digit of 123433?
2
What is the tens digit of 139813?
1
What is the ten millions digit of 20082738?
2
What is the tens digit of 647774?
7
What is the ten thousands digit of 374715?
7
What is the hundred thousands digit of 430905?
4
What is the thousands digit of 4270555?
0
What is the tens digit of 2704436?
3
What is the tens digit of 185904?
0
What is the ten thousands digit of 1503179?
0
What is the ten thousands digit of 2828322?
2
What is the ten thousands digit of 179889?
7
What is the tens digit of 130561?
6
What is the units digit of 6757683?
3
What is the ten thousands digit of 3234636?
3
What is the units digit of 1330589?
9
What is the thousands digit of 3910252?
0
What is the tens digit of 16182416?
1
What is the millions digit of 2533889?
2
What is the hundred thousands digit of 2957726?
9
What is the hundreds digit of 200102?
1
What is the units digit of 9700627?
7
What is the ten thousands digit of 4117899?
1
What is the units digit of 7261710?
0
What is the tens digit of 415?
1
What is the hundred thousands digit of 1439113?
4
What is the hundreds digit of 212276?
2
What is the units digit of 4000796?
6
What is the tens digit of 620245?
4
What is the tens digit of 309716?
1
What is the tens digit of 406931?
3
What is the hundred thousands digit of 246809?
2
What is the thousands digit of 4002149?
2
What is the hundred thousands digit of 2067765?
0
What is the ten thousands digit of 237687?
3
What is the hundred thousands digit of 1977600?
9
What is the units digit of 150959?
9
What is the ten thousands digit of 8864613?
6
What is the thousands digit of 1900894?
0
What is the tens digit of 385508?
0
What is the tens digit of 2786447?
4
What is the ten thousands digit of 490566?
9
What is the tens digit of 31573944?
4
What is the units digit of 33319472?
2
What is the ten thousands digit of 61228?
6
What is the ten thousands digit of 312578?
1
What is the units digit of 31229734?
4
What is the thousands digit of 339077?
9
What is the millions digit of 7135553?
7
What is the thousands digit of 1970951?
0
What is the hundreds digit of 764850?
8
What is the thousands digit of 534982?
4
What is the ten thousands digit of 6603849?
0
What is the millions digit of 3857224?
3
What is the thousands digit of 667715?
7
What is the thousands digit of 3494293?
4
What is the units digit of 1964742?
2
What is the units digit of 15506535?
5
What is the thousands digit of 385276?
5
What is the tens digit of 964547?
4
What is the tens digit of 2937706?
0
What is the tens digit of 242945?
4
What is the hundred thousands digit of 16681750?
6
What is the tens digit of 412881?
8
What is the hundreds digit of 720188?
1
What is the hundred thousands digit of 117088?
1
What is the hundreds digit of 1137855?
8
What is the units digit of 6717475?
5
What is the thousands digit of 1451335?
1
What is the units digit of 5413145?
5
What is the ten thousands digit of 4760713?
6
What is the units digit of 262647?
7
What is the hundred thousands digit of 147146?
1
What is the millions digit of 1080309?
1
What is the hundreds digit of 4058482?
4
What is the thousands digit of 15383013?
3
What is the tens digit of 5266?
6
What is the thousands digit of 962983?
2
What is the hundred thousands digit of 818644?
8
What is the hundreds digit of 2099?
0
What is the tens digit of 196619?
1
What is the thousands digit of 424615?
4
What is the hundreds digit of 1528362?
3
What is the ten thousands digit of 190457?
9
What is the units digit of 319382?
2
What is the hundred thousands digit of 160219?
1
What is the tens digit of 1339021?
2
What is the tens digit of 306287?
8
What is the units digit of 89172?
2
What is the ten thousands digit of 605806?
0
What is the tens digit of 3771745?
4
What is the thousands digit of 446489?
6
What is the hundred thousands digit of 7229709?
2
What is the ten thousands digit of 2526646?
2
What is the hundreds digit of 6269702?
7
What is the hundreds digit of 11231169?
1
What is the thousands digit of 24702008?
2
What is the millions digit of 3276417?
3
What is the hundred thousands digit of 245786?
2
What is the millions digit of 2445367?
2
What is the tens digit of 8000012?
1
What is the thousands digit of 208484?
8
What is the hundred thousands digit of 679592?
6
What is the hundred thousands digit of 3146056?
1
What is the millions digit of 1227459?
1
What is the hundred thousands digit of 179823?
1
What is the hundreds digit of 833694?
6
What is the ten thousands digit of 1673890?
7
What is the units digit of 23624427?
7
What is the millions dig